5*o + 4, 2*o + 3*y - 8 = 0. Let t(c) = o - 11*c**2 - c**3 - 11*c - 11 + 3*c**2 + 1. What are the prime factors of t(-7)?
19
Let f be 0 - ((1 - -1) + -3). List the prime factors of f*(2 - 1) + 11.
2, 3
Suppose -5*j + 38 - 3 = 0. Let t(w) = 3*w - 16. Let p(h) = -6*h + 33. Let g(b) = 6*p(b) + 13*t(b). What are the prime factors of g(j)?
11
Suppose 2*g - 3*q = 39, -5 + 1 = 4*q. What are the prime factors of g?
2, 3
Let l be -1 - (0 - -1)*-1. Suppose l*z = 2*z. List the prime factors of (z - -9)/(2/2).
3
Let s be (7/2)/((-2)/(-4)). Let p = 13 + s. What are the prime factors of p?
2, 5
Let l(h) = -5*h - 4. What are the prime factors of l(-6)?
2, 13
Let p = 330 - 233. List the prime factors of p.
97
Let f(u) = -5*u + 3. Suppose n + 12 = -2*a - n, 2 = -2*n. List the prime factors of f(a).
2, 7
Let z be (20/12)/((-1)/(-15)). List the prime factors of (-63)/(-5) - (-10)/z.
13
Let b = 35 - 14. List the prime factors of b.
3, 7
Let m = 31 - 14. Suppose 0*t = t - m. What are the prime factors of t?
17
Suppose 4*c + 4*p = -0*c + 112, c = -5*p + 36. What are the prime factors of c?
2, 13
Let z(g) = g**3 + 5*g**2 - 8*g - 5. Suppose 0*b + 5*b = 5. Let q(s) = -5*s - 1. Let v be q(b). What are the prime factors of z(v)?
7
Let w(m) = m - 2. Let c be w(5). Suppose -c*l + 9 = -30. Let i = 29 - l. List the prime factors of i.
2
Let a be (4 - 2)*(-19)/(-2). Let s be (7/(-2))/(3/6). Let m = s + a. List the prime factors of m.
2, 3
Let k be -3 + (4 - 1) - -2. Suppose 2*n = k*v + 100, -5*n + n = -2*v - 202. List the prime factors of n.
3, 17
Let r = 56 + -15. Suppose -5*c + 24 = -r. List the prime factors of c.
13
Let q(g) = -5*g**3 - 4*g**2 - 2*g + 1. What are the prime factors of q(-2)?
29
Suppose -4*h - 6 = -7*h. Suppose 0 = -h*b + 5*w - 60, 5*w - 2*w + 150 = -5*b. What are the prime factors of ((-12)/18)/(4/b)?
5
Suppose 0 = -3*a - 2*d + 137, a + a - 93 = -3*d. What are the prime factors of a?
3, 5
Let a(v) = v**2 + 2*v - 1. Let p be a(1). Suppose -z - 9 = -p*k, -k + 4*z + 14 = -1. Suppose k = 2*y - y - 2*h, y + 5*h - 17 = 0. List the prime factors of y.
7
Suppose -3*v = -6*n + 2*n + 265, -2*v = 3*n - 203. List the prime factors of n.
67
Let x(m) = 2*m + 12. Let j be x(10). Suppose -9*f = -13*f + j. List the prime factors of f.
2
Let i(c) = -c**2 + 8*c + 7. Suppose -2*v - 5*d + 0*d - 11 = 0, -4*d - 7 = v. Let f be ((-27)/v)/3 + 3. What are the prime factors of i(f)?
19
Let v(h) = -h + 8. Let y be v(0). Let w = y - 4. Suppose w*k = 40 + 8. List the prime factors of k.
2, 3
Suppose 2*c = c + 4. Suppose 2*q - 4*g = c*q, 5*q + 4*g = 6. List the prime factors of q.
2
Let q = 14 + -10. Suppose -q*v + 72 = 4*f, -3*v + 6 = f - 20. List the prime factors of f.
2, 7
Suppose 5*b - 164 = -44. List the prime factors of b.
2, 3
Let w be (1*3)/((-24)/(-16)). Suppose w = d + d. Let t = d - -7. List the prime factors of t.
2
Suppose -5*z - 9 = -o - 31, 0 = 3*o - 5*z + 16. Suppose 0*u = -u + o. List the prime factors of u/(-3) + 0 + 16.
3, 5
Suppose 0 = -3*l + 35 + 10. Suppose -w - 2*w + l = 0. Suppose -5*r - 10 = o, -10 + 0 = -3*o - w*r. List the prime factors of o.
2, 5
Suppose 2*w = -3*l + 186, -73 = -l + 6*w - 3*w. What are the prime factors of l?
2
Let k(v) = v**2 - 6*v - 3. Let j be k(3). Let b = j + 18. What are the prime factors of b?
2, 3
Let u be 270/8 + (-3)/(-12). List the prime factors of 1 + u + -3 + 2.
2, 17
Suppose 2*k + g + 59 = 0, 3*g = -4*k - 0*g - 119. Let t = -13 - k. Suppose t = v + v. What are the prime factors of v?
2
Suppose -4 = -2*f - 0. Suppose -2*y + 7*y = -20, f*y - 3 = h. Let p = h + 21. List the prime factors of p.
2, 5
Let w = 393 - 143. What are the prime factors of w?
2, 5
Suppose 6*d - 190 = d. List the prime factors of d.
2, 19
Let b be 5/20 + 82/(-8). Let r = b - -17. What are the prime factors of r?
7
Let s be (1 + -1)/(-2 + 3). Suppose 3*p - 4*p = i - 4, s = p. What are the prime factors of i?
2
Suppose -7 = -5*h - 4*n, 5*h + 3*n = 4*n + 17. Suppose b - 4*b = -2*v + 3, -2*v - 3 = h*b. Let u = v - -9. What are the prime factors of u?
3
Suppose 0 = 5*v + 2*t - 7, -2*v - 2*t = 3 - 1. Let w = 6 + v. List the prime factors of w.
3
Let z be 1 - (3 + 0/(-1)). Let o = z - -8. List the prime factors of o.
2, 3
List the prime factors of -21 - -23 - ((-1 - -1) + -125).
127
Let u(v) = -v**2 + 10*v + 8. List the prime factors of u(8).
2, 3
Let v(d) = 4*d + 2. What are the prime factors of v(20)?
2, 41
Suppose 3*o + 2*o - 5 = 0. List the prime factors of o/(-6) - (-109)/6.
2, 3
Let t = 572 + -327. List the prime factors of t.
5, 7
Let z(p) = 2*p**2 - p + 2. Let k(t) = t**2 + t. Suppose -w = 3*w - 4. Let j be k(w). What are the prime factors of z(j)?
2
Let f be (-94)/14 + (-4)/14. Let p(x) be the second derivative of -x**5/20 - 2*x**4/3 - 4*x**3/3 + x**2 - 24*x. What are the prime factors of p(f)?
3
Suppose b + 6 = 2*b. Suppose -2 = d - b. Let s = 8 - d. List the prime factors of s.
2
Suppose w + 7 = 35. What are the prime factors of w?
2, 7
Let x = 3 + 0. What are the prime factors of x?
3
Let y(i) = -i**3 - 9*i**2 - 10*i - 3. Let p be y(-8). List the prime factors of p/(-65) - 232/(-10).
23
Suppose 77 = 4*m - 7. What are the prime factors of m?
3, 7
Let o = -6 - -9. Suppose -14 = -3*g - l + 93, 0 = -l - 1. List the prime factors of ((-1)/(-2))/(o/g).
2, 3
Let z(h) = h**3 + 5*h**2 + h + 7. Let c be (-3 - (3 + -3)) + -2. What are the prime factors of z(c)?
2
Let j = -48 - -70. List the prime factors of j.
2, 11
Suppose 41 = -3*p - 115. List the prime factors of (-476)/p - (-4)/(-26).
3
Suppose 0 = -4*k + 38 + 86. Suppose -5*n + k = 4*c - 0*n, -4*n = -3*c + 31. List the prime factors of c + 0*(-1)/2.
3
Let w(l) be the third derivative of -l**4/6 + 7*l**3/6 - 5*l**2. List the prime factors of w(-4).
23
Suppose -13*w = w - 3640. What are the prime factors of w?
2, 5, 13
Let i be 1 - (-5)/((-10)/(-4)). Suppose 7*t - i*t = 0. List the prime factors of t - (-2 - (-7)/(-1)).
3
Let d(a) = 9*a - 1. What are the prime factors of d(4)?
5, 7
Let g be 3/((-12)/28)*-1. Let p = g + -3. List the prime factors of p.
2
Suppose 0 = -0*a + 4*a + 360. Let r = -64 - a. What are the prime factors of r?
2, 13
Let p(z) = -6 + z**2 - 2 + 1 - 3*z. What are the prime factors of p(7)?
3, 7
Suppose -3 = p - 14. Suppose -i + 0*i = -p. What are the prime factors of i?
11
Let w(s) = -4*s - 6. Let b be w(-6). Let u = b + -8. Suppose 0 = 2*g - u - 2. List the prime factors of g.
2, 3
Let p = -5 - -5. Suppose 27 = 5*x - 3*r, -3*r + p = 12. Suppose l - 12 = -4*i - x, -5*l - 3*i = -79. List the prime factors of l.
17
Suppose k + 31 = -2*n + 4, 23 = -2*n + 3*k. Let b be 4/(-6) - n/(-3). What are the prime factors of (4/(-4))/(1/b)?
5
Suppose -4*m = -46 - 34. List the prime factors of m.
2, 5
Suppose 0 + 10 = 5*b. List the prime factors of (-360)/(-70)*(b - -5).
2, 3
Let l(o) = 6*o - 4. Let y be l(3). Suppose -2 = 2*p - y. What are the prime factors of 20/p + (-2)/(-3)?
2
Suppose -3*s - 11 = -5*q, -5*s + 4*s + 8 = -4*q. Let t be ((-6)/s)/(2/44). What are the prime factors of 0 + t + (-1 - -1)?
11
Let r(h) = h - 3. Let z be r(0). Let j = 11 + z. List the prime factors of j.
2
Suppose -3*j + 4 = 1. Suppose -5*o + j + 4 = 0, 2*f - 4*o - 40 = 0. List the prime factors of f.
2, 11
Let k = -12 - -56. What are the prime factors of k?
2, 11
Suppose -b + 4*b = 45. What are the prime factors of 5/(b/(-6)) + 4?
2
Let c be ((-4)/(-4))/(1/(-3)). What are the prime factors of (c/(-1))/(-6)*-6?
3
Let q(f) = -f**2 - 38*f - 13. What are the prime factors of q(-21)?
2, 43
Suppose 8 - 26 = -3*u. List the prime factors of u.
2, 3
Let s = 23 + -1. Let n(h) = h**3 - 8*h**2 + 9*h - 10. Let u be n(7). Let y = s - u. What are the prime factors of y?
2, 3
Suppose 33*i - 34*i = -7. What are the prime factors of i?
7
Let v be (3 + 6/(-4))*68. Suppose -3*r = -5*i + 55 + v, 96 = 4*i + 5*r. Suppose -g - i = -5*k, -13 = -4*k + k + 5*g. List the prime factors of k.
2, 3
Let x(t) = t**3 - 9*t**2 + 9*t - 1. Let n be x(8). Let b(h) = -h**3 + 8*h**2 - 7*h + 2. What are the prime factors of b(n)?
2
Suppose 2*r = r - d + 1, 2*d + 6 = 0. List the prime factors of r.
2
Let r(p) = -2*p - p**2 + 0*p + 3 - 3*p - 1. Let o = -1 - 2. List the prime factors of r(o).
2
Suppose -2*n - b = 4*b - 36, -12 = -2*n + b. What are the prime factors o